5.
5, 149, 167
What are the prime factors of 596969?
43, 13883
List the prime factors of 176012.
2, 79, 557
List the prime factors of 981646.
2, 31, 71, 223
What are the prime factors of 1734396?
2, 3, 19, 7607
What are the prime factors of 1809472?
2, 7, 577
List the prime factors of 39148.
2, 9787
List the prime factors of 103891.
23, 4517
List the prime factors of 654068.
2, 163517
What are the prime factors of 1276791?
3, 61, 6977
List the prime factors of 92416.
2, 19
What are the prime factors of 6097696?
2, 11, 17, 1019
List the prime factors of 11011668.
2, 3, 211, 4349
What are the prime factors of 1582450?
2, 5, 31649
What are the prime factors of 3039237?
3, 127, 2659
List the prime factors of 206141.
13, 101, 157
List the prime factors of 1726509.
3, 575503
List the prime factors of 207219.
3, 69073
List the prime factors of 329122.
2, 43, 89
List the prime factors of 14644784.
2, 7, 11, 11887
List the prime factors of 100329.
3, 53, 631
What are the prime factors of 8040393?
3, 137, 6521
List the prime factors of 45547.
37, 1231
What are the prime factors of 9515528?
2, 11, 108131
What are the prime factors of 1217232?
2, 3, 79, 107
List the prime factors of 401229.
3, 109, 409
List the prime factors of 7026709.
131, 53639
List the prime factors of 88308.
2, 3, 11, 223
What are the prime factors of 2123805?
3, 5, 141587
List the prime factors of 1775636.
2, 443909
List the prime factors of 79143.
3, 23, 31, 37
What are the prime factors of 81909?
3, 19, 479
What are the prime factors of 81345?
3, 5, 11, 17, 29
List the prime factors of 920740.
2, 5, 19, 2423
List the prime factors of 217611.
3, 24179
What are the prime factors of 5083286?
2, 13, 195511
List the prime factors of 497531.
389, 1279
What are the prime factors of 7721019?
3, 47, 18253
List the prime factors of 4136192.
2, 107, 151
What are the prime factors of 227281?
227281
What are the prime factors of 37484?
2, 9371
What are the prime factors of 2005715?
5, 23, 107, 163
What are the prime factors of 13618568?
2, 1702321
List the prime factors of 371589.
3, 123863
List the prime factors of 12028226.
2, 7, 139, 883
What are the prime factors of 454341?
3, 269, 563
What are the prime factors of 531111?
3, 7, 3613
What are the prime factors of 1038776?
2, 41, 3167
List the prime factors of 23968837.
79, 127, 2389
List the prime factors of 281575.
5, 7, 1609
List the prime factors of 1148028.
2, 3, 7, 79, 173
List the prime factors of 222822.
2, 3, 12379
What are the prime factors of 1706111?
11, 43, 3607
What are the prime factors of 115329?
3, 37, 1039
List the prime factors of 491287.
443, 1109
What are the prime factors of 342085?
5, 31, 2207
What are the prime factors of 1052722?
2, 11, 109, 439
List the prime factors of 991931.
991931
List the prime factors of 8103.
3, 37, 73
List the prime factors of 2950991.
2950991
List the prime factors of 74074.
2, 7, 11, 13, 37
List the prime factors of 2017052.
2, 47, 10729
List the prime factors of 5201874.
2, 3, 96331
What are the prime factors of 11724395?
5, 53, 151, 293
List the prime factors of 150135.
3, 5, 10009
What are the prime factors of 14669024?
2, 458407
What are the prime factors of 905988?
2, 3, 103, 733
List the prime factors of 32241.
3, 11, 977
List the prime factors of 1039933.
107, 9719
What are the prime factors of 24158701?
7, 197, 17519
List the prime factors of 57296.
2, 3581
List the prime factors of 88331.
19, 4649
What are the prime factors of 473908?
2, 257, 461
What are the prime factors of 184435?
5, 36887
What are the prime factors of 4073444?
2, 103, 9887
List the prime factors of 5445987.
3, 31, 1889
What are the prime factors of 25065147?
3, 23, 47, 59, 131
What are the prime factors of 202374?
2, 3, 11243
What are the prime factors of 409976?
2, 7, 7321
What are the prime factors of 624382?
2, 11, 101, 281
List the prime factors of 12018629.
7, 43, 39929
What are the prime factors of 746576?
2, 29, 1609
What are the prime factors of 6383910?
2, 3, 5, 13, 16369
List the prime factors of 11114735.
5, 691, 3217
List the prime factors of 21529072.
2, 17, 79151
List the prime factors of 430357.
430357
List the prime factors of 4341226.
2, 401, 5413
List the prime factors of 173795.
5, 34759
List the prime factors of 82328.
2, 41, 251
What are the prime factors of 55939?
13, 331
What are the prime factors of 801467?
73, 10979
List the prime factors of 9032975.
5, 7, 71, 727
What are the prime factors of 2050707?
3, 293, 2333
What are the prime factors of 1866969?
3, 13, 197
List the prime factors of 1125906.
2, 3, 187651
List the prime factors of 12205491.
3, 29, 239, 587
List the prime factors of 7733879.
7733879
What are the prime factors of 207423?
3, 19, 1213
List the prime factors of 122505.
3, 5, 8167
What are the prime factors of 24204214?
2, 19, 636953
List the prime factors of 434067.
3, 41, 3529
What are the prime factors of 2669476?
2, 17, 37, 1061
What are the prime factors of 3841243?
7, 548749
List the prime factors of 955141.
11, 31, 2801
What are the prime factors of 482718?
2, 3, 43, 1871
List the prime factors of 6486600.
2, 3, 5, 19, 569
List the prime factors of 6473385.
3, 5, 47951
List the prime factors of 369983.
369983
What are the prime factors of 9160278?
2, 3, 71, 21503
What are the prime factors of 676214?
2, 7, 11, 4391
What are the prime factors of 1433991?
3, 13, 83, 443
What are the prime factors of 2394668?
2, 23, 26029
List the prime factors of 13269053.
7, 270797
List the prime factors of 1156758.
2, 3, 19, 73, 139
What are the prime factors of 1024106?
2, 29, 17657
What are the prime factors of 8885490?
2, 3, 5, 296183
What are the prime factors of 2198210?
2, 5, 7, 31, 1013
List the prime factors of 41502.
2, 3, 6917
What are the prime factors of 115823?
115823
What are the prime factors of 541109?
617, 877
List the prime factors of 1603074.
2, 3, 11, 107, 227
What are the prime factors of 154657?
29, 5333
List the prime factors of 2938234.
2, 13, 8693
List the prime factors of 6275136.
2, 3, 7, 23, 29
List the prime factors of 1229824.
2, 1201
List the prime factors of 429410.
2, 5, 23, 1867
What are the prime factors of 7501628?
2, 31, 60497
List the prime factors of 2069543.
7, 59, 5011
What are the prime factors of 633450?
2, 3, 5, 41, 103
What are the prime factors of 142360?
2, 5, 3559
What are the prime factors of 1113364?
2, 7, 17, 2339
List the prime factors of 167986.
2, 7, 13, 71
List the prime factors of 9622166.
2, 241, 19963
What are the prime factors of 311963?
311963
List the prime factors of 139009.
13, 17, 37
What are the prime factors of 1366513?
769, 1777
List the prime factors of 11197575.
3, 5, 53, 313
What are the prime factors of 1095402?
2, 3, 7, 11, 2371
List the prime factors of 2305245.
3, 5, 313, 491
List the prime factors of 111084.
2, 3, 9257
List the prime factors of 4005797.
383, 10459
What are the prime factors of 796896?
2, 3, 2767
List the prime factors of 11616062.
2, 743, 7817
What are the prime factors of 239581?
17, 829
List the prime factors of 348323.
348323
List the prime factors of 9497621.
7, 239, 811
What are the prime factors of 654722?
2, 113, 2897
List the prime factors of 8773052.
2, 2193263
What are the prime factors of 19387259?
17, 769, 1483
List the prime factors of 7343569.
197, 37277
List the prime factors of 4257217.
4257217
What are the prime factors of 2550982?
2, 7, 257, 709
List the prime factors of 266404.
2, 66601
What are the prime factors of 130641?
3, 7, 6221
What are the prime factors of 22209313?
7, 349, 9091
What are the prime factors of 827870?
2, 5, 82787
What are the prime factors of 910659?
3, 303553
List the prime factors of 264367.
17, 15551
List the prime factors of 80863.
80863
What are the prime factors of 885895?
5, 53, 3343
What are the prime factors of 10274442?
2, 3, 1712407
What are the prime factors of 5011792?
2, 23, 13619
List the prime factors of 426952.
2, 83, 643
What are the prime factors of 72706?
2, 36353
What are the prime factors of 1077978?
2, 3, 11, 16333
What are the prime factors of 30508072?
2, 7, 19, 53, 541
List the prime factors of 311714.
2, 13, 19, 631
List the prime factors of 2031467.
2031467
List the prime factors of 31537904.
2, 1971119
List the p